{"id":2205,"date":"2021-02-07T17:27:26","date_gmt":"2021-02-07T16:27:26","guid":{"rendered":"http:\/\/gluecksmomente-teilen.ch\/?page_id=2205"},"modified":"2021-02-07T17:48:04","modified_gmt":"2021-02-07T16:48:04","slug":"disclaimer","status":"publish","type":"page","link":"https:\/\/gluecksmomente-teilen.ch\/?page_id=2205","title":{"rendered":"Disclaimer"},"content":{"rendered":"\t\t<div data-elementor-type=\"wp-page\" data-elementor-id=\"2205\" class=\"elementor elementor-2205\">\n\t\t\t\t\t\t<section class=\"elementor-section elementor-top-section elementor-element elementor-element-97f945f elementor-section-boxed elementor-section-height-default elementor-section-height-default\" data-id=\"97f945f\" data-element_type=\"section\" data-e-type=\"section\">\n\t\t\t\t\t\t<div class=\"elementor-container elementor-column-gap-default\">\n\t\t\t\t\t<div class=\"elementor-column elementor-col-100 elementor-top-column elementor-element elementor-element-6d9fc14\" data-id=\"6d9fc14\" data-element_type=\"column\" data-e-type=\"column\">\n\t\t\t<div class=\"elementor-widget-wrap elementor-element-populated\">\n\t\t\t\t\t\t<div class=\"elementor-element elementor-element-9c7e0de elementor-widget elementor-widget-heading\" data-id=\"9c7e0de\" data-element_type=\"widget\" data-e-type=\"widget\" data-widget_type=\"heading.default\">\n\t\t\t\t<div class=\"elementor-widget-container\">\n\t\t\t\t\t<h2 class=\"elementor-heading-title elementor-size-default\">Disclaimer<\/h2>\t\t\t\t<\/div>\n\t\t\t\t<\/div>\n\t\t\t\t<div class=\"elementor-element elementor-element-006dc7f elementor-widget elementor-widget-text-editor\" data-id=\"006dc7f\" data-element_type=\"widget\" data-e-type=\"widget\" data-widget_type=\"text-editor.default\">\n\t\t\t\t<div class=\"elementor-widget-container\">\n\t\t\t\t\t\t\t\t\t<p><strong>Aktualit\u00e4t und Richtigkeit\u00a0<\/strong><\/p><p>Die Meldestelle f\u00fcr Gl\u00fccksmomente Zentralschweiz unternimmt grosse Anstrengungen, aktuelle und korrekte Informationen auf dieser Website zur Verf\u00fcgung zu stellen. Sie kann jedoch nicht garantieren oder zusichern, dass alle auf dieser Website enthaltenen Inhalte jederzeit korrekt, genau, aktuell und vollst\u00e4ndig sind.\u00a0<\/p><p>\u00a0<\/p><p><strong>Haftungsausschluss\u00a0<\/strong><\/p><p>Die Meldestelle f\u00fcr Gl\u00fccksmomente Zentralschweiz haftet nicht f\u00fcr Sch\u00e4den oder Verletzungen aufgrund von Inhalten dieser Website. Sie kann auch nicht garantieren, dass der Zugang zu dieser Website jederzeit und uneingeschr\u00e4nkt m\u00f6glich ist. Befolgen Besucherinnen und Besucher Handlungsanweisungen und Ratschl\u00e4ge auf dieser Website oder vertrauen sie den auf dieser Website enthaltenen Informationen, tun sie dies auf ihr eigenes, alleiniges Risiko.\u00a0<\/p><p>\u00a0<\/p><p><strong>Urheber- und Markenrechte\u00a0<\/strong><\/p><p>Die Inhalte dieser Website sind Eigentum der Meldestelle f\u00fcr Gl\u00fccksmomente Zentralschweiz und als solche gesch\u00fctzt. Sie d\u00fcrfen nur f\u00fcr den pers\u00f6nlichen Gebrauch und f\u00fcr nicht-gewerbliche Zwecke \u00fcbernommen und genutzt werden. In allen Reproduktionen dieser Website oder von Teilen ihrer Inhalte muss auf Urheber- und Eigentumsrechte sowie allf\u00e4llige Vorbehalte hingewiesen werden.\u00a0<\/p><p>\u00a0<\/p><p><strong>Unverbindlichkeit von Angeboten<\/strong>\u00a0<\/p><p>Die Meldestelle f\u00fcr Gl\u00fccksmomente Zentralschweiz offeriert auf dieser Website verschiedene Dienstleistungen. Diese Angebote sind jedoch unverbindlich und k\u00f6nnen jederzeit durch die Meldestelle f\u00fcr Gl\u00fccksmomente Zentralschweiz einseitig abge\u00e4ndert oder entfernt werden.\u00a0<\/p><p>\u00a0<\/p><p><strong>Eingaben an Meldestelle f\u00fcr Gl\u00fccksmomente Zentralschweiz\u00a0<\/strong><\/p><p>Die Meldestelle f\u00fcr Gl\u00fccksmomente Zentralschweiz bem\u00fcht sich, Informationen von Besucherinnern und Besuchern, die auf dieser Website eingegeben oder an E-Mail-Adressen der Meldestelle f\u00fcr Gl\u00fccksmomente Zentralschweiz geschickt werden, vertraulich zu behandeln. Die Meldestelle f\u00fcr Gl\u00fccksmomente Zentralschweiz kann daf\u00fcr jedoch keine Gew\u00e4hr \u00fcbernehmen und ist nicht verantwortlich, sollten solche Informationen an Dritte gelangen.<\/p><p>\u00a0<\/p><p><strong>Schutz der Privatsph\u00e4re\u00a0<\/strong><\/p><p>Gem\u00e4ss Art. 13 der Schweizerischen Bundesverfassung und gest\u00fctzt auf die Datenschutzgesetzgebung hat jede Person Anspruch auf Schutz ihrer Privatsph\u00e4re sowie auf Schutz vor Missbrauch ihrer pers\u00f6nlichen Daten. Die Meldestelle f\u00fcr Gl\u00fccksmomente Zentralschweiz h\u00e4lt diese Bestimmungen ein. Die Meldestelle f\u00fcr Gl\u00fccksmomente Zentralschweiz kann den Zugriff auf diese Website kontrollieren. Dabei werden die aufgerufenen URLs, das abfragende Ger\u00e4t und die Uhrzeit des Abrufs f\u00fcr die Zugriffsstatistik aus Sicherheitsgr\u00fcnden protokolliert. Mit der Nutzung und dem Zugang zu dieser Website stimmen Sie einer solchen allgemeinen Kontrolle durch die Meldestelle f\u00fcr Gl\u00fccksmomente Zentralschweiz zu.\u00a0<\/p><p>\u00a0<\/p><p><strong>Links auf andere Websites\u00a0<\/strong><\/p><p>Die Website der Meldestelle f\u00fcr Gl\u00fccksmomente Zentralschweiz kann Links auf andere Websites enthalten. F\u00fcr deren Inhalte, Verf\u00fcgbarkeit, Betrieb oder Performance ist die Meldestelle f\u00fcr Gl\u00fccksmomente Zentralschweiz nicht verantwortlich.<\/p><p>\u00a0<\/p><p><strong>Verschiedenes\u00a0<\/strong><\/p><p>Diese Bedingungen f\u00fcr die Nutzung der Website der Meldestelle f\u00fcr Gl\u00fccksmomente Zentralschweiz unterstehen schweizerischem Recht. Die Meldestelle f\u00fcr Gl\u00fccksmomente Zentralschweiz beh\u00e4lt sich das Recht vor, diese Nutzungsbedingungen jederzeit abzu\u00e4ndern. Dasselbe gilt f\u00fcr die auf dieser Website enthaltenen Informationen.<\/p>\t\t\t\t\t\t\t\t<\/div>\n\t\t\t\t<\/div>\n\t\t\t\t\t<\/div>\n\t\t<\/div>\n\t\t\t\t\t<\/div>\n\t\t<\/section>\n\t\t\t\t<\/div>\n\t\t","protected":false},"excerpt":{"rendered":"<p>Disclaimer Aktualit\u00e4t und Richtigkeit&nbsp; Die Meldestelle f\u00fcr Gl\u00fccksmomente Zentralschweiz unternimmt grosse Anstrengungen, aktuelle und korrekte Informationen auf dieser Website zur Verf\u00fcgung zu stellen. Sie kann jedoch nicht garantieren oder zusichern, dass alle auf dieser Website enthaltenen Inhalte jederzeit korrekt, genau, aktuell und vollst\u00e4ndig sind.&nbsp; Haftungsausschluss&nbsp; Die Meldestelle f\u00fcr Gl\u00fccksmomente Zentralschweiz haftet nicht f\u00fcr Sch\u00e4den oder [&hellip;]<\/p>\n","protected":false},"author":1,"featured_media":0,"parent":0,"menu_order":0,"comment_status":"closed","ping_status":"closed","template":"elementor_canvas","meta":{"_uag_custom_page_level_css":"","site-sidebar-layout":"no-sidebar","site-content-layout":"page-builder","ast-site-content-layout":"default","site-content-style":"default","site-sidebar-style":"default","ast-global-header-display":"","ast-banner-title-visibility":"","ast-main-header-display":"","ast-hfb-above-header-display":"","ast-hfb-below-header-display":"","ast-hfb-mobile-header-display":"","site-post-title":"disabled","ast-breadcrumbs-content":"","ast-featured-img":"disabled","footer-sml-layout":"","ast-disable-related-posts":"","theme-transparent-header-meta":"disabled","adv-header-id-meta":"","stick-header-meta":"","header-above-stick-meta":"","header-main-stick-meta":"","header-below-stick-meta":"","astra-migrate-meta-layouts":"default","ast-page-background-enabled":"default","ast-page-background-meta":{"desktop":{"background-color":"var(--ast-global-color-4)","background-image":"","background-repeat":"repeat","background-position":"center center","background-size":"auto","background-attachment":"scroll","background-type":"","background-media":"","overlay-type":"","overlay-color":"","overlay-opacity":"","overlay-gradient":""},"tablet":{"background-color":"","background-image":"","background-repeat":"repeat","background-position":"center center","background-size":"auto","background-attachment":"scroll","background-type":"","background-media":"","overlay-type":"","overlay-color":"","overlay-opacity":"","overlay-gradient":""},"mobile":{"background-color":"","background-image":"","background-repeat":"repeat","background-position":"center center","background-size":"auto","background-attachment":"scroll","background-type":"","background-media":"","overlay-type":"","overlay-color":"","overlay-opacity":"","overlay-gradient":""}},"ast-content-background-meta":{"desktop":{"background-color":"var(--ast-global-color-5)","background-image":"","background-repeat":"repeat","background-position":"center center","background-size":"auto","background-attachment":"scroll","background-type":"","background-media":"","overlay-type":"","overlay-color":"","overlay-opacity":"","overlay-gradient":""},"tablet":{"background-color":"var(--ast-global-color-5)","background-image":"","background-repeat":"repeat","background-position":"center center","background-size":"auto","background-attachment":"scroll","background-type":"","background-media":"","overlay-type":"","overlay-color":"","overlay-opacity":"","overlay-gradient":""},"mobile":{"background-color":"var(--ast-global-color-5)","background-image":"","background-repeat":"repeat","background-position":"center center","background-size":"auto","background-attachment":"scroll","background-type":"","background-media":"","overlay-type":"","overlay-color":"","overlay-opacity":"","overlay-gradient":""}},"footnotes":""},"class_list":["post-2205","page","type-page","status-publish","hentry"],"yoast_head":"<!-- This site is optimized with the Yoast SEO plugin v27.1.1 - https:\/\/yoast.com\/product\/yoast-seo-wordpress\/ -->\n<title>Meldestelle f\u00fcr Gl\u00fccksmomente Zentralschweiz | Disclaimer<\/title>\n<meta name=\"robots\" content=\"noindex, nofollow\" \/>\n<meta property=\"og:locale\" content=\"de_DE\" \/>\n<meta property=\"og:type\" content=\"article\" \/>\n<meta property=\"og:title\" content=\"Meldestelle f\u00fcr Gl\u00fccksmomente Zentralschweiz | Disclaimer\" \/>\n<meta property=\"og:description\" content=\"Disclaimer Aktualit\u00e4t und Richtigkeit&nbsp; Die Meldestelle f\u00fcr Gl\u00fccksmomente Zentralschweiz unternimmt grosse Anstrengungen, aktuelle und korrekte Informationen auf dieser Website zur Verf\u00fcgung zu stellen. Sie kann jedoch nicht garantieren oder zusichern, dass alle auf dieser Website enthaltenen Inhalte jederzeit korrekt, genau, aktuell und vollst\u00e4ndig sind.&nbsp; Haftungsausschluss&nbsp; Die Meldestelle f\u00fcr Gl\u00fccksmomente Zentralschweiz haftet nicht f\u00fcr Sch\u00e4den oder [&hellip;]\" \/>\n<meta property=\"og:url\" content=\"https:\/\/gluecksmomente-teilen.ch\/?page_id=2205\" \/>\n<meta property=\"og:site_name\" content=\"Meldestelle f\u00fcr Gl\u00fccksmomente Zentralschweiz\" \/>\n<meta property=\"article:modified_time\" content=\"2021-02-07T16:48:04+00:00\" \/>\n<meta property=\"og:image\" content=\"https:\/\/gluecksmomente-teilen.ch\/wp-content\/uploads\/2021\/01\/cropped-noun_Ladybug_801565-1.png\" \/>\n\t<meta property=\"og:image:width\" content=\"689\" \/>\n\t<meta property=\"og:image:height\" content=\"594\" \/>\n\t<meta property=\"og:image:type\" content=\"image\/png\" \/>\n<meta name=\"twitter:card\" content=\"summary_large_image\" \/>\n<meta name=\"twitter:label1\" content=\"Gesch\u00e4tzte Lesezeit\" \/>\n\t<meta name=\"twitter:data1\" content=\"2\u00a0Minuten\" \/>\n<script type=\"application\/ld+json\" class=\"yoast-schema-graph\">{\"@context\":\"https:\/\/schema.org\",\"@graph\":[{\"@type\":\"WebPage\",\"@id\":\"https:\/\/gluecksmomente-teilen.ch\/?page_id=2205\",\"url\":\"https:\/\/gluecksmomente-teilen.ch\/?page_id=2205\",\"name\":\"Meldestelle f\u00fcr Gl\u00fccksmomente Zentralschweiz | Disclaimer\",\"isPartOf\":{\"@id\":\"https:\/\/gluecksmomente-teilen.ch\/#website\"},\"datePublished\":\"2021-02-07T16:27:26+00:00\",\"dateModified\":\"2021-02-07T16:48:04+00:00\",\"breadcrumb\":{\"@id\":\"https:\/\/gluecksmomente-teilen.ch\/?page_id=2205#breadcrumb\"},\"inLanguage\":\"de\",\"potentialAction\":[{\"@type\":\"ReadAction\",\"target\":[\"https:\/\/gluecksmomente-teilen.ch\/?page_id=2205\"]}]},{\"@type\":\"BreadcrumbList\",\"@id\":\"https:\/\/gluecksmomente-teilen.ch\/?page_id=2205#breadcrumb\",\"itemListElement\":[{\"@type\":\"ListItem\",\"position\":1,\"name\":\"Startseite\",\"item\":\"https:\/\/gluecksmomente-teilen.ch\/\"},{\"@type\":\"ListItem\",\"position\":2,\"name\":\"Disclaimer\"}]},{\"@type\":\"WebSite\",\"@id\":\"https:\/\/gluecksmomente-teilen.ch\/#website\",\"url\":\"https:\/\/gluecksmomente-teilen.ch\/\",\"name\":\"Meldestelle f\u00fcr Gl\u00fccksmomente Zentralschweiz\",\"description\":\"Gl\u00fccksmomente teilen\",\"publisher\":{\"@id\":\"https:\/\/gluecksmomente-teilen.ch\/#organization\"},\"potentialAction\":[{\"@type\":\"SearchAction\",\"target\":{\"@type\":\"EntryPoint\",\"urlTemplate\":\"https:\/\/gluecksmomente-teilen.ch\/?s={search_term_string}\"},\"query-input\":{\"@type\":\"PropertyValueSpecification\",\"valueRequired\":true,\"valueName\":\"search_term_string\"}}],\"inLanguage\":\"de\"},{\"@type\":\"Organization\",\"@id\":\"https:\/\/gluecksmomente-teilen.ch\/#organization\",\"name\":\"Meldestelle f\u00fcr Gl\u00fccksmomente Zentralschweiz\",\"url\":\"https:\/\/gluecksmomente-teilen.ch\/\",\"logo\":{\"@type\":\"ImageObject\",\"inLanguage\":\"de\",\"@id\":\"https:\/\/gluecksmomente-teilen.ch\/#\/schema\/logo\/image\/\",\"url\":\"https:\/\/gluecksmomente-teilen.ch\/wp-content\/uploads\/2021\/02\/noun_Ladybug_801565-1.png\",\"contentUrl\":\"https:\/\/gluecksmomente-teilen.ch\/wp-content\/uploads\/2021\/02\/noun_Ladybug_801565-1.png\",\"width\":689,\"height\":594,\"caption\":\"Meldestelle f\u00fcr Gl\u00fccksmomente Zentralschweiz\"},\"image\":{\"@id\":\"https:\/\/gluecksmomente-teilen.ch\/#\/schema\/logo\/image\/\"},\"sameAs\":[\"https:\/\/www.instagram.com\/gluecksmomente_meldestelle\"]}]}<\/script>\n<!-- \/ Yoast SEO plugin. -->","yoast_head_json":{"title":"Meldestelle f\u00fcr Gl\u00fccksmomente Zentralschweiz | Disclaimer","robots":{"index":"noindex","follow":"nofollow"},"og_locale":"de_DE","og_type":"article","og_title":"Meldestelle f\u00fcr Gl\u00fccksmomente Zentralschweiz | Disclaimer","og_description":"Disclaimer Aktualit\u00e4t und Richtigkeit&nbsp; Die Meldestelle f\u00fcr Gl\u00fccksmomente Zentralschweiz unternimmt grosse Anstrengungen, aktuelle und korrekte Informationen auf dieser Website zur Verf\u00fcgung zu stellen. Sie kann jedoch nicht garantieren oder zusichern, dass alle auf dieser Website enthaltenen Inhalte jederzeit korrekt, genau, aktuell und vollst\u00e4ndig sind.&nbsp; Haftungsausschluss&nbsp; Die Meldestelle f\u00fcr Gl\u00fccksmomente Zentralschweiz haftet nicht f\u00fcr Sch\u00e4den oder [&hellip;]","og_url":"https:\/\/gluecksmomente-teilen.ch\/?page_id=2205","og_site_name":"Meldestelle f\u00fcr Gl\u00fccksmomente Zentralschweiz","article_modified_time":"2021-02-07T16:48:04+00:00","og_image":[{"width":689,"height":594,"url":"https:\/\/gluecksmomente-teilen.ch\/wp-content\/uploads\/2021\/01\/cropped-noun_Ladybug_801565-1.png","type":"image\/png"}],"twitter_card":"summary_large_image","twitter_misc":{"Gesch\u00e4tzte Lesezeit":"2\u00a0Minuten"},"schema":{"@context":"https:\/\/schema.org","@graph":[{"@type":"WebPage","@id":"https:\/\/gluecksmomente-teilen.ch\/?page_id=2205","url":"https:\/\/gluecksmomente-teilen.ch\/?page_id=2205","name":"Meldestelle f\u00fcr Gl\u00fccksmomente Zentralschweiz | Disclaimer","isPartOf":{"@id":"https:\/\/gluecksmomente-teilen.ch\/#website"},"datePublished":"2021-02-07T16:27:26+00:00","dateModified":"2021-02-07T16:48:04+00:00","breadcrumb":{"@id":"https:\/\/gluecksmomente-teilen.ch\/?page_id=2205#breadcrumb"},"inLanguage":"de","potentialAction":[{"@type":"ReadAction","target":["https:\/\/gluecksmomente-teilen.ch\/?page_id=2205"]}]},{"@type":"BreadcrumbList","@id":"https:\/\/gluecksmomente-teilen.ch\/?page_id=2205#breadcrumb","itemListElement":[{"@type":"ListItem","position":1,"name":"Startseite","item":"https:\/\/gluecksmomente-teilen.ch\/"},{"@type":"ListItem","position":2,"name":"Disclaimer"}]},{"@type":"WebSite","@id":"https:\/\/gluecksmomente-teilen.ch\/#website","url":"https:\/\/gluecksmomente-teilen.ch\/","name":"Meldestelle f\u00fcr Gl\u00fccksmomente Zentralschweiz","description":"Gl\u00fccksmomente teilen","publisher":{"@id":"https:\/\/gluecksmomente-teilen.ch\/#organization"},"potentialAction":[{"@type":"SearchAction","target":{"@type":"EntryPoint","urlTemplate":"https:\/\/gluecksmomente-teilen.ch\/?s={search_term_string}"},"query-input":{"@type":"PropertyValueSpecification","valueRequired":true,"valueName":"search_term_string"}}],"inLanguage":"de"},{"@type":"Organization","@id":"https:\/\/gluecksmomente-teilen.ch\/#organization","name":"Meldestelle f\u00fcr Gl\u00fccksmomente Zentralschweiz","url":"https:\/\/gluecksmomente-teilen.ch\/","logo":{"@type":"ImageObject","inLanguage":"de","@id":"https:\/\/gluecksmomente-teilen.ch\/#\/schema\/logo\/image\/","url":"https:\/\/gluecksmomente-teilen.ch\/wp-content\/uploads\/2021\/02\/noun_Ladybug_801565-1.png","contentUrl":"https:\/\/gluecksmomente-teilen.ch\/wp-content\/uploads\/2021\/02\/noun_Ladybug_801565-1.png","width":689,"height":594,"caption":"Meldestelle f\u00fcr Gl\u00fccksmomente Zentralschweiz"},"image":{"@id":"https:\/\/gluecksmomente-teilen.ch\/#\/schema\/logo\/image\/"},"sameAs":["https:\/\/www.instagram.com\/gluecksmomente_meldestelle"]}]}},"uagb_featured_image_src":{"full":false,"thumbnail":false,"medium":false,"medium_large":false,"large":false,"1536x1536":false,"2048x2048":false},"uagb_author_info":{"display_name":"admin","author_link":"https:\/\/gluecksmomente-teilen.ch\/?author=1"},"uagb_comment_info":0,"uagb_excerpt":"Disclaimer Aktualit\u00e4t und Richtigkeit&nbsp; Die Meldestelle f\u00fcr Gl\u00fccksmomente Zentralschweiz unternimmt grosse Anstrengungen, aktuelle und korrekte Informationen auf dieser Website zur Verf\u00fcgung zu stellen. Sie kann jedoch nicht garantieren oder zusichern, dass alle auf dieser Website enthaltenen Inhalte jederzeit korrekt, genau, aktuell und vollst\u00e4ndig sind.&nbsp; Haftungsausschluss&nbsp; Die Meldestelle f\u00fcr Gl\u00fccksmomente Zentralschweiz haftet nicht f\u00fcr Sch\u00e4den oder&hellip;","_links":{"self":[{"href":"https:\/\/gluecksmomente-teilen.ch\/index.php?rest_route=\/wp\/v2\/pages\/2205","targetHints":{"allow":["GET"]}}],"collection":[{"href":"https:\/\/gluecksmomente-teilen.ch\/index.php?rest_route=\/wp\/v2\/pages"}],"about":[{"href":"https:\/\/gluecksmomente-teilen.ch\/index.php?rest_route=\/wp\/v2\/types\/page"}],"author":[{"embeddable":true,"href":"https:\/\/gluecksmomente-teilen.ch\/index.php?rest_route=\/wp\/v2\/users\/1"}],"replies":[{"embeddable":true,"href":"https:\/\/gluecksmomente-teilen.ch\/index.php?rest_route=%2Fwp%2Fv2%2Fcomments&post=2205"}],"version-history":[{"count":0,"href":"https:\/\/gluecksmomente-teilen.ch\/index.php?rest_route=\/wp\/v2\/pages\/2205\/revisions"}],"wp:attachment":[{"href":"https:\/\/gluecksmomente-teilen.ch\/index.php?rest_route=%2Fwp%2Fv2%2Fmedia&parent=2205"}],"curies":[{"name":"wp","href":"https:\/\/api.w.org\/{rel}","templated":true}]}}